79
In base 15, what is 16 - 15?
1
In base 9, what is 4 + 441?
445
In base 14, what is -3 - 697?
-69a
In base 16, what is 1d + 5?
22
In base 2, what is -1111101 - -1110?
-1101111
In base 13, what is 5 - 79?
-74
In base 10, what is 23 - 255?
-232
In base 14, what is 12 - -11?
23
In base 8, what is -333 + -60?
-413
In base 15, what is 0 + -3a?
-3a
In base 2, what is 11001 + -10100?
101
In base 2, what is -100 - -11010011110?
11010011010
In base 6, what is -1 + 143?
142
In base 7, what is 52 + 5?
60
In base 8, what is 3 - -606?
611
In base 14, what is 13c - -5?
143
In base 14, what is 0 + -18b?
-18b
In base 12, what is 1940 - -3?
1943
In base 16, what is -2 - 138?
-13a
In base 12, what is -5 - 172?
-177
In base 2, what is -1 - 1001?
-1010
In base 8, what is 0 - -14?
14
In base 4, what is 132 + 30?
222
In base 4, what is 0 + 101110?
101110
In base 16, what is 10 - -40?
50
In base 16, what is -3 - 55?
-58
In base 6, what is 13 + 3?
20
In base 9, what is -868 + -4?
-873
In base 11, what is 254 + 21?
275
In base 8, what is 32 + -2?
30
In base 11, what is -2 - 3?
-5
In base 3, what is 21 + -202?
-111
In base 11, what is 82a + 0?
82a
In base 14, what is 65d - 5?
658
In base 4, what is -12011 + -2?
-12013
In base 14, what is -20db + 5?
-20d6
In base 9, what is 0 + -15?
-15
In base 10, what is -2 - 456?
-458
In base 6, what is -1 - 15051?
-15052
In base 14, what is c + 1a?
28
In base 10, what is 540 + 4?
544
In base 8, what is -3146 + -3?
-3151
In base 16, what is 3 - -102?
105
In base 8, what is -5 - -600?
573
In base 13, what is -6c81 - -4?
-6c7a
In base 16, what is 9a - 4?
96
In base 15, what is b8 + 4?
bc
In base 11, what is -178 + 2?
-176
In base 6, what is 12542 + -5?
12533
In base 12, what is 79 - 5?
74
In base 6, what is -5 - -2?
-3
In base 8, what is -21 - -22?
1
In base 13, what is -1 - 25?
-26
In base 13, what is 1 + -41?
-40
In base 9, what is 4 - 543?
-538
In base 8, what is 5741 + 4?
5745
In base 15, what is -3b0e + 0?
-3b0e
In base 10, what is 5 + 81?
86
In base 6, what is -13 + 205?
152
In base 12, what is 189b3 + -3?
189b0
In base 13, what is 0 + 334?
334
In base 4, what is 101 - 1210?
-1103
In base 14, what is 9 + 23?
2c
In base 8, what is -7 - -717?
710
In base 13, what is 2 - 99?
-97
In base 11, what is -400 + -11?
-411
In base 4, what is 11 - -211?
222
In base 14, what is -2 + 65?
63
In base 11, what is 252 - -10?
262
In base 3, what is 12 - 1201?
-1112
In base 2, what is 0 - 111000?
-111000
In base 13, what is b7 + -1?
b6
In base 4, what is -1230201 + 3?
-1230132
In base 16, what is -c2 + -26?
-e8
In base 9, what is 3 + -237?
-234
In base 5, what is -110 + 0?
-110
In base 12, what is 2 + 342?
344
In base 14, what is -50d7 - -2?
-50d5
In base 6, what is 5 - 132?
-123
In base 11, what is -3a2 + 0?
-3a2
In base 9, what is -42 + -8?
-51
In base 2, what is 1001 + -100011?
-11010
In base 14, what is 25 - 4?
21
In base 8, what is -213 - -3?
-210
In base 7, what is 0 - 122?
-122
In base 8, what is 1 - -2307?
2310
In base 5, what is -240 - 24?
-314
In base 16, what is 4 - 1c?
-18
In base 8, what is -4 + 5?
1
In base 3, what is 1 - -2121011?
2121012
In base 13, what is 413 - -6?
419
In base 2, what is -110 + -1101100101?
-1101101011
In base 13, what is -21 - 3?
-24
In base 3, what is 212122 + 12?
212211
In base 2, what is 110001 - -11?
110100
In base 5, what is -224 + 42?
-132
In base 6, what is 4 - -1150?
1154
In base 4, what is -202 + 31?
-111
In base 4, what is 2023 - -2?
2031
In base 12, what is -3 + 26?
23
In base 14, what is -c0 + -1?
-c1
In base 5, what is -32231 + 0?
-32231
In base 11, what is -332 - 1a?
-351
In base 16, what is 3d - -16?
53
In base 11, what is -34 - -8?
-27
In base 6, what is -1 + -513?
-514
In base 7, what is -141 + 141?
0
In base 7, what is -645 - 3?
-651
In base 5, what is 40304 - -2?
40311
In base 12, what is 3 + 67a?
681
In base 11, what is -126 - -5?
-121
In base 14, what is 10a + 0?
10a
In base 6, what is -100234 - 4?
-100242
In base 5, what is 20241 + -14?
20222
In base 12, what is -14 - -32?
1a
In base 14, what is -1628 - 3?
-162b
In base 8, what is -1 + 10?
7
In base 2, what is -1101 + -100111?
-110100
In base 8, what is -4 - -144?
140
In base 11, what is -85 - -5?
-80
In base 3, what is -10 + 120002?
112222
In base 10, what is -3 + -130?
-133
In base 10, what is -5 - -131?
126
In base 4, what is -20 + -2?
-22
In base 11, what is -1135 + 13?
-1122
In base 16, what is 115 + 2f?
144
In base 11, what is -11 - 1?
-12
In base 14, what is 0 - 0?
0
In base 3, what is 1001 - -210?
1211
In base 10, what is -480 - -13?
-467
In base 14, what is 2 + -b7?
-b5
In base 4, what is -100220 + -10?
-100230
In base 2, what is 11 - -111001?
111100
In base 14, what is -b - 63?
-70
In base 15, what is -5 - -d?
8
In base 3, what is 1 - 1100?
-1022
In base 8, what is 0 - -50?
50
In base 14, what is -9 + -7?
-12
In base 11, what is 2 - 1181?
-117a
In base 10, what is -2179 - 4?
-2183
In base 9, what is 1 + 108?
110
In base 9, what is 67 - -3?
71
In base 13, what is -4 - -103?
cc
In base 9, what is 3 + 6?
10
In base 10, what is 211 + 1?
212
In base 16, what is -2a + 5?
-25
In base 16, what is 3 + -26d?
-26a
In base 8, what is -41 + 3?
-36
In base 16, what is 29 - 1?
28
In base 7, what is -220 + 0?
-220
In base 4, what is -3122 - -10?
-3112
In base 8, what is -3 - -341?
336
In base 5, what is -20 - -121?
101
In base 6, what is 15 - 1033?
-1014
In base 10, what is 0 + 42?
42
In base 3, what is 2 + -10120?
-10111
In base 3, what is 1 - -1001000?
1001001
In base 5, what is -1104313 + 4?
-1104304
In base 15, what is -ca + e?
-bb
In base 10, what is -97 - -4?
-93
In base 9, what is 1170 + 4?
1174
In base 5, what is 41242 - -10?
41302
In base 5, what is 2 - -1322?
1324
In base 5, what is -3 + 4043?
4040
In base 7, what is 214 + 401?
615
In base 3, what is -11022 + 1101?
-2221
In base 9, what is 223 - -15?
238
In base 4, what is -313 - 120?
-1033
In base 16, what is 2d4 + d?
2e1
In base 9, what is 3 + -140?
-136
In base 16, what is 385 + 4?
389
In base 14, what is -4539 + 2?
-4537
In base 11, what is 1269 + 3?
1271
In base 7, what is 4265 + 12?
4310
In base 4, what is -11122 + 2?
-11120
In base 2, what is 110010 + -111?
101011
In base 8, what is 40 + 74?
134
In base 5, what is 1 + 30?
31
In base 7, what is -164 - 6?
-203
In base 8, what is 1 + 3071?
3072
In base 10, what is -2 + -31?
-33
In base 15, what is -e + -9?
-18
In base 6, what is 2 - -24121?
24123
In base 9, what is -1273 - -2?
-1271
In base 2, what is 100111101001 - 100?
100111100101
In base 15, what is -18 - -5?
-13
In base 2, what is 110100010 - 10?
110100000
In base 2, what is 11 - 111011?
-111000
In base 9, what is 0 - 1335?
-1335
In base 5, what is 2331 - 3?
2323
In base 2, what is 10000001 + 0?
10000001
In base 6, what is -5 - -100?
51
In base 4, what is 3 + 1122?
1131
In base 13, what is -3702 + -4?
-3706
In base 5, what is 340 + -10?
330
In base 3, what is 210011 + -12?
202222
In base 8, what is 213 + -1?
212
In base 12, what is 18a - -3?
191
In base 2, what is -10 + 101100110?
101100100
In base 14, what is -5 - -205?
200
In base 5, what is -1013 + 23?
-440
In base 13, what is -2 + -41?
-43
In base 3, what is 201 + 12?
220
In base 4, what is 0 + -102?
-102
In base 2, what is -10011 + 10100?
1
In base 16, what is 41 - -17?
58
In base 12, what is -4 - 25?
-29
In base 15, what is -7 - -6?
-1
In base 6, what is 23 + 30?
53
In base 3, what is -22 + -221101?
-221200
In base 4, what is 0 - -1121222?
1121222
In base 7, what is 3 + 324?
330
In base 11, what is -366 - -13?
-353
In base 3, what is 1112011 - 12?
1111222
In base 6, what is 23 + -535?
-512
In base 16, what is -2 - a1?
-a3
In base 16, what is 3ff - 3?
3fc
In base 5, what is 2 + -1233?
-1231
In base 13, what is c7 - 3?
c4
In base 15, what is -8 - 194?
-19c
In base 14, what is 13 + 11c?
131
In base 8, what is 3457 + -13?
3444
In base 9, what is 2 + 102?
104
In base 2, what is 11 - -101010?
101101
In base 16, what is 0 + -1585?
-1585
In base 10, what is -108 - -8?
-100
In base 12, what is -150 + -1?
-151
In base 3, what is -1 + 122212?
122211
In base 14, what is 3 - ad?
-aa
In base 11, what is 7656 - 3?
7653
In base 10, what is -1 + -1897?
-1898
In base 11, what is 21 - 32?
-11
In base 12, what is -1 - 118?
-119
In base 